*y + 2*p, 2*y - 46 = 4*p. What is the tens digit of y?
3
Let q = -8 - -5. Let c(i) = i**2 + i + 4. What is the tens digit of c(q)?
1
Let f(w) = 2*w**2 + 11*w - 6. What is the units digit of f(-8)?
4
Suppose -4*p = -2*v + 74 + 264, 8 = 4*p. What is the hundreds digit of v?
1
Let h(a) = -2*a**3 - a**2 + a - 4. Let k be h(2). What is the tens digit of (42/(-4))/(11/k)?
2
Let p(w) = -3*w**3 - 3*w**2 - 7*w - 8. Let x(c) = -4*c**3 - 2*c**2 - 8*c - 9. Let u(r) = -3*p(r) + 2*x(r). What is the units digit of u(-4)?
2
Let o = 4 + 0. Suppose 0 = -7*y + o*y + 12. What is the units digit of y?
4
Suppose -c = -0*c + 62. Let a = c + 104. What is the tens digit of a?
4
Let f = 75 - 159. Let z = f - -21. What is the units digit of (8/(-6))/(6/z)?
4
Suppose -4*a = -3*p - p - 880, -2*p + 1086 = 5*a. What is the hundreds digit of a?
2
Suppose 3 = -o + 4. Suppose -5*k - o = -5*p + 4, -2*k + 3*p - 4 = 0. What is the units digit of (-2)/2*k/(-1)?
1
Suppose y - 4*y + 195 = c, 3*c - y = 545. What is the hundreds digit of c?
1
Let k = 134 - 21. What is the units digit of k?
3
Let f(v) = 2*v. Let j be (1/1)/((-1)/(-2)). Let p be f(j). Let z = -2 + p. What is the units digit of z?
2
Suppose 4*g + 2*u = 270 - 64, 5*g - 2*u - 235 = 0. What is the tens digit of g?
4
Let i(h) = h**3 - 5*h**2 - 2*h + 6. What is the tens digit of i(6)?
3
Let o = -9 + 101. What is the tens digit of o?
9
Let l = -11 - -236. What is the tens digit of l?
2
Suppose 2*x + 3*o - 29 = 0, x + 2*o - 25 = -8. What is the units digit of x?
7
Let l = 26 + -2. Suppose 3*w = 2*w + l. What is the units digit of w/10 - (-4)/(-10)?
2
Let t(v) = 43*v**2 - 4. What is the tens digit of t(2)?
6
Suppose -2*b + 7*b - 195 = 0. Let w = b + -19. What is the units digit of w?
0
Suppose -t + 100 = 3*t. What is the units digit of t?
5
Let a(t) = -t**3 - 10*t**2 + 5*t - 3. Let g be a(-11). Let i be 14/g + (-349)/(-9). Suppose 4*x = 2*n + n + 45, 5*x + 2*n - i = 0. What is the units digit of x?
9
Suppose -v + 2*q + 11 = 0, q - 14 = -5*v + 19. What is the units digit of v?
7
Suppose -5*a - 4*r + 178 = 0, -a + 5*r + 24 = -0*a. Suppose -a + 4 = -2*q. What is the units digit of q?
5
Let u(v) = 2*v**2 - 2*v + 4. Let o be u(3). Suppose 0 = -4*d + o, 3*g + 2*g - 2*d = 97. What is the tens digit of g?
2
Let f(s) = -s**3 - 4*s**2 - 2*s + 3. Let h be f(-3). Let c be 6*((-14)/(-6) + -1). Suppose -c = -h*a - a. What is the units digit of a?
8
Let v be 18 + 2*3/(-6). Let n = 10 - v. Let j = n - -8. What is the units digit of j?
1
Let d(p) = p - 4. Let y be d(4). Let k = 29 + -18. Suppose -b + k = -y. What is the tens digit of b?
1
Let k = -1 + 4. Let s(l) be the first derivative of -l**2/2 + 7*l - 1. What is the units digit of s(k)?
4
Let h be 2 - (-27)/(9/3). Let b = -7 + h. Suppose -b*o + x - 6*x + 9 = 0, 3*o + 5*x = 8. What is the units digit of o?
1
Suppose -5*m = -0*m + 30. Let i = 11 + m. Let k = -3 + i. What is the units digit of k?
2
Let m = -227 + 338. What is the tens digit of m?
1
What is the units digit of (-18)/5*(-2 + 3/(-6))?
9
Let x = -227 + 324. What is the tens digit of x?
9
Let q(p) = p**3 - 3*p**2 + 3*p - 2. Let h be q(2). Suppose -4*y + 0*y + 196 = h. What is the units digit of y?
9
Let h = -12 - -18. Let q(m) = -m**2 + 8*m - 9. Let u be q(h). What is the units digit of u + -2 + -2 + 3?
2
Suppose 6 = 4*j - 2*j. Suppose 3*y - 4*s - 28 = 0, -4 = -2*y + 3*y + 2*s. Suppose -y*a = 5*v, 0 = j*a - 0*v - v - 19. What is the units digit of a?
5
Let d = 150 + -47. What is the hundreds digit of d?
1
Suppose 4*a + 117 + 35 = 4*w, -2*w + 5*a = -82. Let o(v) = -v**3 - 2*v**2 - 4. Let x be o(-3). Suppose r - x*r = -w. What is the units digit of r?
9
Let w = 18 + -13. Let x be w*12*(-12)/(-18). Suppose k = 6*k - x. What is the units digit of k?
8
Suppose -3*p + 21 = 3*r, -p = 2*p - r - 1. Let l = p + -6. What is the units digit of (2/l)/(5/(-90))?
9
Suppose -4*m = -4*y - 4 - 8, -2*y - 10 = -4*m. Let w = m - -11. What is the tens digit of w?
1
What is the hundreds digit of 4/(-32)*-12 + (-494)/(-4)?
1
Suppose 5*f - 435 = -5*z, -2*f + 144 = 5*z - 15. Let d = 24 + -14. What is the units digit of (-2)/d - f/(-10)?
9
Let u(q) = -q**2 - 8*q - 7. Let s be u(-5). Let p = s + -5. Suppose p*d = 4*d - 4. What is the units digit of d?
4
Suppose 5*t - 12 = t, -12 = -3*k - 4*t. Let r = k + 4. Suppose -1 = -3*o + 2*g + 10, 3*o + 5*g = r. What is the units digit of o?
3
Suppose 5*p - 8*p = 0, -q + 345 = 2*p. What is the units digit of q?
5
Let u be -1 + 0 + (5 - 3). Let h be 7 - (u - (-5 - -3)). Let k(o) = -o**3 + 4*o**2 + 3*o + 5. What is the tens digit of k(h)?
1
Suppose 0 = f + 3*f. Suppose f = -2*a + a + 20. What is the tens digit of a?
2
Let d(g) = -9*g - 8. What is the units digit of d(-5)?
7
Let u(r) be the second derivative of r**4/3 + r**2/2 - 5*r. What is the units digit of u(1)?
5
Suppose -4*x + v = -72, 5*x - 103 = -v - v. What is the tens digit of x?
1
Let x = -18 - -17. Suppose 5*z = -3*g + 13, 3 = -2*z + 1. Let t = x + g. What is the units digit of t?
5
Let i(x) be the third derivative of -x**5/60 - 5*x**4/24 + x**3/3 - 2*x**2. Let k be i(-5). What is the units digit of (2 + -3)/((-2)/k)?
1
Suppose -3*i + 0 = -6. Suppose -3*f - 38 = -5*f - 3*l, 0 = -2*f + i*l + 28. What is the tens digit of f?
1
Let l(o) = 2*o + 12. What is the tens digit of l(12)?
3
Let m = -80 + 259. What is the hundreds digit of m?
1
Let h(a) = a**3 - 3*a**2 - 4*a + 2. Suppose -2*q + 0*q = 3*v - 5, -17 = -5*q - 3*v. Suppose 4*z - 10 = -4*r - 2, -8 = q*r. What is the units digit of h(z)?
2
Let y be (-8)/(-24)*84/2. Let m be 23/7 - 4/y. Suppose -m*o = -0*o - 30. What is the units digit of o?
0
Suppose 0 = 5*n + 5*s - 780, -n = -0*n - 5*s - 168. What is the units digit of n?
8
Suppose -18 - 18 = 4*y. Let x = y - -4. What is the units digit of (-6)/2*(3 + x)?
6
Let r(j) = -13*j + 6. What is the units digit of r(-7)?
7
Let w(l) = 2*l**2 - l. Let d be w(1). Let g(z) = 27*z. What is the tens digit of g(d)?
2
Let i(u) = u - 2. Let q be i(4). Let b be q/6 - (-209)/3. Suppose 4*h - b = -h. What is the tens digit of h?
1
Let y(c) = -10*c + 2 - 10*c - c**2 + 8*c + 3. What is the units digit of y(-12)?
5
What is the units digit of 6/27 + (-237)/(-27)?
9
Let m(s) = 6*s**2 + 15*s + 11. Let y(l) = 5*l**2 + 14*l + 11. Let a(j) = -4*m(j) + 5*y(j). What is the units digit of a(-9)?
2
Let n = 9 - 20. Let q = n + 18. What is the units digit of q?
7
Suppose -2*b = n, -2*b = 3*n + b - 6. Suppose u + 5*y + 0*y = -2, -1 = y. Suppose -u*q + 3*i - 3 = 0, -n*i + 9*i = -3*q + 21. What is the units digit of q?
2
Let t be 16/(-6)*(-3)/2. Suppose -t*k + 75 = k. What is the units digit of k?
5
Let f(b) = 17*b - 25. What is the hundreds digit of f(8)?
1
Suppose -66*q + 71*q = 305. What is the tens digit of q?
6
Suppose 0 = 24*b - 19*b - 710. What is the hundreds digit of b?
1
Let f(l) = l**3 - 3*l**2 - 3*l + 2. Suppose -20 = -0*v - 5*v. Let d(i) = -i**2 + 4*i + 4. Let x be d(v). What is the units digit of f(x)?
6
Let h(s) = s**3 - 8*s + 3*s - 3*s**2 + s**2 - 3. Let b(d) = 4*d**2. Let p be b(1). What is the units digit of h(p)?
9
Let g be (-1)/6 - (-39)/18. Suppose -u + 12 = -0*w - 5*w, 2*w = g*u - 24. What is the units digit of u?
2
Let m(x) = -x**3 - 2*x**2 - x - 1. Let r be m(-1). Suppose -a = -4*l - l + 6, 4*l + 4*a = 24. Let k = l + r. What is the units digit of k?
1
Suppose j = 2*j - 173. What is the tens digit of j?
7
Suppose -f - o + 33 = 0, 6*o + 46 = 2*f + 4*o. What is the tens digit of f?
2
Let n(f) = -4*f - 10. Let t be n(-4). What is the units digit of 2 + -2 + t + 0?
6
Let o(x) = -x**3 + 2*x**2 - 4*x + 2. Let k be o(2). What is the units digit of 88/k*(-6)/4?
2
Let k = 7 + -3. Suppose -8 - 8 = -k*s. What is the units digit of s?
4
Let x = 15 + -7. Suppose 2*n + 2 = x. What is the tens digit of (n/9)/((-1)/(-42))?
1
Let t(c) = 6 - 15*c - 4 - 3. What is the units digit of t(-2)?
9
Let l be (-1 - 1) + 6/1. Suppose -3*n - 4*y = -2*n + l, -4*n - 2*y - 16 = 0. Let u = n - -6. What is the units digit of u?
2
What is the units digit of 2/1 + (-164)/(-2)?
4
Suppose 0 = -3*d + 5*z + 2, -4*z = 4*d - d + 7. Let a = 3 - d. What is the units digit of a?
4
Let s = -24 - -71. Let i = 71 - s. What is the tens digit of i?
2
Suppose -6*x + 2*x = -8. Let z be (-2)/(-2)*(-1 - -3). Suppose -z*b = -x, 